 is i(s)?
2
Suppose -98 = -3*b + 3*v - v, 5*b = 4*v + 164. Let h = -18 + b. Let p(k) = -2*k - k - h*k**2 - 1 + 13*k**2. Give p(-4).
-5
Let u(v) = -758 + 371 - 3*v + 378. What is u(4)?
-21
Suppose 0 = 36*a - 40*a - 4. Let m(g) = -6 + 6 - 11*g. Calculate m(a).
11
Let z(g) = -2 - 2806*g**2 + 3 + 2807*g**2. Calculate z(2).
5
Let b(s) be the second derivative of -1/2*s**2 + 0 + 1/3*s**3 + 18*s. Determine b(4).
7
Let c(v) = -v**2 + 1 + 4*v + 5*v - 17*v + 7*v - 6*v**2. Let f = 3 - 2. Determine c(f).
-7
Let u(s) = 3 + 1 - s + 2*s. Let g be u(-2). Suppose -g = 4*m + 18. Let t(c) = c**2 + 6*c - 1. Calculate t(m).
-6
Let c(f) = 3*f - 6. Let u = 692 + -688. Give c(u).
6
Let u(d) = -d**3 + 14*d**2 - 4*d - 2. Let q(o) = -o**2. Let y(b) = -6*q(b) - u(b). Give y(4).
-46
Suppose 5*n + i - 88 = -2*i, -84 = -5*n - 4*i. Let k = 14 - n. Let q be k/33 + (-75)/11. Let m(x) = x**2 + 8*x + 3. What is m(q)?
-4
Let z(y) = y**2 - y. Let f(u) = -u**3 - 5*u**2 + 6*u + 3. Suppose -13*l + 15*l - 36 = 0. Let h = -19 + l. Let t(j) = h*f(j) - 6*z(j). Give t(0).
-3
Let b be 418/(-55) + 6/10. Let h(u) = 2*u**2 + 15*u + 4. Determine h(b).
-3
Let k(q) = -8 - 6*q**2 - q**3 - 3 - 2*q + 12. Let f = -4 - -2. What is k(f)?
-11
Suppose 3*l + 3*t + 39 = 0, -85*t = -2*l - 82*t - 6. Let i(s) = -s**3 - 9*s**2 + 3*s + 12. Determine i(l).
-15
Let i(x) = -x**2 + 5*x + 3. Suppose -6*g = -10*g + 64. Let w = 21 - g. What is i(w)?
3
Let w(b) = -25*b - 1. Let p(x) = -43*x - 1. Let g(u) = 3*p(u) - 4*w(u). Determine g(1).
-28
Let t(x) = -x - 11. Let f = 124 + -115. Suppose f*h = 14*h. Calculate t(h).
-11
Let w be ((-4 - -4)/(-2))/(-1). Let g(q) = 2*q**2 + 0*q**2 - 6 + 5 - q**2. What is g(w)?
-1
Let u(y) = 7*y + 34. Let w be -10 + (1 + -10 - -14). Give u(w).
-1
Let a(j) = j**3 + j**2 - 2. Let s(x) = 3*x**2 - 31*x + 12. Let t be s(10). What is a(t)?
10
Let o(t) = -4*t - 1. Let v(i) = -2*i**2 - 30*i - 25. Let b be v(-14). Suppose 19 - b = -8*r. Determine o(r).
7
Let n(q) = q**3 + 6*q**2 + 5*q - 1. Suppose 0 = y - 0 - 2. Let b = 2 + y. Suppose a + 4 = b*z, -3*z = -7*z. Give n(a).
11
Let g(v) = -2*v + 0*v - 55 + 64. Let b(n) = -2*n - 1. Let h be b(-4). What is g(h)?
-5
Suppose h = 2*q - 325, q = -0*q + 4*h + 152. Let j be 1/6 + q/24. Let b(p) = p**3 - 7*p**2 + p - 5. Let w be b(j). Let f(c) = c. Calculate f(w).
2
Let m(w) be the third derivative of w**6/120 + 2*w**5/15 + 3*w**4/8 + 4*w**3/3 + 35*w**2 - 2*w. Determine m(-6).
26
Let z(t) be the second derivative of -t**5/20 - 5*t**4/12 - 5*t**3/6 + 2*t**2 + 28*t. Suppose 0 = -w + 3*u - 1, 0*u - 3*u = -3*w - 9. What is z(w)?
8
Suppose 3*x + 4*h + h = -9, 5*h - 15 = 0. Let g(b) = b**3 + 9*b**2 + 7*b - 2. Let u be g(x). Let z(i) = i - 1. Determine z(u).
5
Let w(n) = -6*n + 4. Let k(c) = c + 1. Let u(y) = -5*k(y) - w(y). Let h(g) = -2*g + 17. Let f(o) = 6*h(o) + 11*u(o). Give f(4).
-1
Let f(q) = q**3 + 6*q**2 + 5*q + 1. Let d be -15*4/(-8)*-2. Let s = d - -24. Suppose -s = -5*g - 29. Give f(g).
13
Let f = 2 - 2. Suppose f = -2*y - 0*y + 6. Let r(k) = -7*k**3 + 16*k**2 - 3*k + 3. Let n(s) = -s**3 + 2*s**2. Let x(p) = -6*n(p) + r(p). Calculate x(y).
3
Let r(f) = -23 + 2*f + 12 - f + 13 - 8. Determine r(-6).
-12
Let m(j) = j**2 + 7*j + 16. Let y be m(-3). Let r = y - 9. Let h(f) = f + 3. Calculate h(r).
-2
Let b(m) = 7 - 6 - 714*m + 0 + 717*m. Let k(r) = -r + 4. Let z be k(3). Give b(z).
4
Let k be (-29)/(-6) + -2*(-1)/12. Suppose 1 = -k*d + 6. Let a(u) be the second derivative of u**5/5 - u**4/12 + u**3/6 + u. What is a(d)?
4
Let m(u) = 24*u**2 - 7*u + 7. Let k(n) = -n**2 + n - 1. Let w(c) = -14*k(c) - 2*m(c). Give w(1).
-34
Let j be (7/(-7))/((-1)/(-35)*-1). Let r(u) = -j + 3*u**2 + 3*u - 2*u + 36. What is r(-1)?
3
Let j(t) = -2*t - 11. Let n(h) = 5. Let g(a) = j(a) + 2*n(a). Let i = 4 + -7. Give g(i).
5
Let c(w) = -20*w - 4. Let o(b) = b + 1. Let u(k) = -c(k) - 12*o(k). Let n be u(4). Let h = 21 - n. Let m(q) = q**3 + 3*q**2 + q - 3. Determine m(h).
-6
Let o(q) = q + 15. Let n(b) = -b - 12. Let r(j) = 4*n(j) + 3*o(j). What is r(-7)?
4
Let i be (16/(-28))/(2/(-7)). Let q be (1/2)/((-2)/(-4)) - i. Let x(m) = -m + 1. Determine x(q).
2
Let v(d) = 197*d**2 + 53*d - 195*d**2 + 2 - 54*d. What is v(4)?
30
Let r(w) = -2*w + 1. Suppose 4 = m - 1. Let c(i) = -i**2 + 19*i - 84. Let l be c(8). Suppose 0 = -4*s - m*j + 5 + 1, 2*s + l = j. What is r(s)?
3
Let a be 3 + 0 + 42/14. Let p(v) = v**2 - 10*v + 15. Give p(a).
-9
Suppose 5 = m - 4. Let o(f) = 6*f - m*f + 1 + 3*f**2 + 3*f**2 + 6 - f**3. Calculate o(5).
17
Let b = 18 - 15. Let t(n) = 3*n**2 - 2*n**3 + n + 19 + 5*n**b - 4*n**3 - 16. Calculate t(4).
-9
Let k(h) = h**3 + 9*h**2 + 5*h. Let m(u) = -3*u**3 - 27*u**2 - 16*u - 1. Let x(z) = -8*k(z) - 3*m(z). Suppose 0 = 4*r + 20 + 12. Give x(r).
3
Suppose 2*v + 5*a = 31, 4*v = -4*a + 15 + 17. Let q(z) = -9*z + 23. What is q(v)?
-4
Let a(c) = 7*c**2 + 7*c - 25. Let z(j) = 1 - j - 2*j - 6*j**2 + 5*j**2 + 2*j. Let l(g) = -a(g) - 6*z(g). Determine l(0).
19
Let y(m) = -m - 7. Let o be (-60)/(-14) - (-2)/(-7). Suppose r + 0 - 13 = -o*k, -r - 1 = -3*k. What is y(r)?
-12
Let c(d) be the second derivative of -d**4/6 - 5*d**3/6 - d**2 - 5*d - 1. Suppose 8*y + 9 = 5*y. Calculate c(y).
-5
Let c(l) = -l + 4. Suppose -4*b - 72 = -3*s, -b + 36 = -3*b + 2*s. Let d = b - -28. Give c(d).
-6
Let i(a) = -20 - 26*a - 18*a + 63*a - 21*a. Determine i(-9).
-2
Let x(o) = -20*o**3 + 12*o**2 + 23*o - 23. Let l(w) = -11*w**3 + 7*w**2 + 12*w - 12. Let g(n) = 11*l(n) - 6*x(n). Let v(f) = f - 2. Let z be v(6). What is g(z)?
-2
Let y(x) = x**2 + 4*x - 5. Let a be (-3)/9 + (-11)/3. Calculate y(a).
-5
Let r(a) = -a**2 + 6*a - 6. Let z(m) = m**3 + 6*m**2 - 6*m + 6. Let q be z(-7). Let t be 10*(-2)/4*q. Give r(t).
-1
Let p(l) = l**3 + 5*l**2 + 4*l + 3. Suppose 24 = -2*s - 2*s - 2*q, -5*s - 2*q = 28. Calculate p(s).
3
Suppose -3*s + w + 24 = -2*w, -30 = -4*s + 3*w. Let i(y) = y**2 - 7*y + 5. Determine i(s).
-1
Let i(a) = 0*a + 13 + 0 - 3 + 3 + a. Calculate i(-13).
0
Let f(l) = -10*l**2 + 4*l - 8. Let r(z) = -2*z**2 - 2*z - 1. Let i(p) = -f(p) + 4*r(p). Let b = 5 + 1. Let q be i(b). Let s(o) = -2*o + 3. Calculate s(q).
-5
Let l(q) = -q**3 - q**2 + 1. Let h be l(-2). Let z(o) = 2*o - 3 - 3 - 2 + h. Let i be (0 - 1)/((-5)/15). Determine z(i).
3
Suppose 0 = -5*d - 2*a + 3*a + 11, 3*d + 2*a = 17. Let s(t) = -2*t**3 + 86*t**2 + 1 + 3*t - 82*t**2 + 3*t**d. Determine s(-2).
3
Let d be 0 - ((4 - 4) + -1). Let y(j) = -7*j - 1. Let t(o) = -o. Let i(k) = d*y(k) - 4*t(k). Determine i(-3).
8
Let k be (-6)/21 - (-23)/7. Let d = 7 - k. Let c(s) = 0 - 3 - 3*s + 3*s - 2*s**2 + d*s. Calculate c(3).
-9
Let w(k) = 4*k**3 + 10*k**2 + 8*k - 12. Let d(i) = -11*i**3 - 30*i**2 - 24*i + 35. Let v(q) = 3*d(q) + 8*w(q). Calculate v(-9).
0
Let i(q) = -q**3 + q**2 + 3*q + 3. Let h be i(2). Let t(g) = g + 1 + h + 6. Determine t(-7).
5
Let k(r) be the first derivative of -5 - r + r**2 + 1/6*r**3. Let a(v) be the first derivative of k(v). Give a(6).
8
Let t(l) = -l**3 - 2*l**2 + 3*l + 24. Let y be t(3). Let x(b) = -2*b - 32. What is x(y)?
-8
Let y(l) be the third derivative of l**6/120 + l**5/20 + l**4/24 - l**3/3 - 30*l**2. Calculate y(-3).
-5
Let f = 42 - 30. Let a(s) = -s**3 + 2 - s - 9*s**2 + f*s**2 - 1. Determine a(2).
3
Let v(t) be the first derivative of -t**4/4 + 2*t**3 - 4*t**2 + 7*t + 312. Determine v(3).
10
Let o be 5 + 0 + 1 + -12. Let a(y) = -3*y**2 - 10*y - 8. Determine a(o).
-56
Let k(g) = g**3 + 4*g**2 - 14*g - 11. Let i(y) = y**2 - y - 18. Let z be i(4). Let b be k(z). Let n(x) = 2 + 3 - 4 + 6*x. What is n(b)?
7
Let p(r) = 3*r + 964 + 967 - 1923. What is p(-5)?
-7
Let j(d) = -2*d - 8. Let c(w) = -2*w - 7. Let o(n) = 6*c(n) - 5*j(n). Let k = 5 - 3. Determine o(k).
-6
Let z(g) be the first derivative of 1/4*g**4 + 7*g + 1/2*g**2 - 5 + 2*g**3. Give z(-6).
1
Let s(c) be the first derivative of -17*c**4/4 - c**2/2 - 328. What is s(1)?
-18
Suppose 0 = 5*l - 2*b + 27, 3*b - 3 = -0. Let o be 2*l/(5/(-2)). Suppose -o*z = -16, -5*k - z + 15 = 6. Let c(a) = -7*a**3 - 2*a**2 + a. Calculate c(k).
-8
Let q be 0/(0 - 2/(-1)). Suppose -3*u + 23 = -4*g, 0 = -5*g - q*g - 10. Let i = -3 + u. Let y(s) = -2*s**2 - s + 1. What is y(i)?
-9
Suppose -7*h = 7 - 119. Let y(t) = -19*t + 61*t - h*t - 4 - 22*t. What is y(5)?
16
Let j(d) = -2*d + 16. Let z 